= 0. Let n = 4764 + -4739. What is the remainder when u is divided by n?
24
Suppose 2201 + 1504 = 15*b. Let a = b + -177. Calculate the remainder when 489 is divided by a.
69
Let x be 12/(-15) + 8/10. Suppose 0*l - 34*l + 2244 = x. Calculate the remainder when 258 is divided by l.
60
Let u be (-5)/2*(-16)/40. Let b(o) = 9*o**2 - 6*o + 2. What is the remainder when 24 is divided by b(u)?
4
Suppose -3*u = -5*u - 5*v + 92, -2*u + 3*v + 76 = 0. Let w(a) = -a**2 + 40*a - 16. Suppose -11*i - 41 = -96. What is the remainder when w(i) is divided by u?
36
Let d = -3177 + 3203. What is the remainder when 73 is divided by d?
21
Let g = -126 - -128. Suppose -2*i = 3*f - 35, 2*f + 20 = -g*i + 4*i. Suppose -w - w = -48. Calculate the remainder when w is divided by i.
11
Let g(n) = -10*n**2 - 13*n - 3. Let c(h) = 51*h**2 + 67*h + 15. Let m(f) = -2*c(f) - 11*g(f). Calculate the remainder when m(-2) is divided by 13.
4
Let c = -271 + 388. What is the remainder when c is divided by (-6)/(-24) - (((-618)/24 - -6) + 2)?
9
Let g = 42 + -83. Let j = g + 60. Suppose -o - p + 2 = -3*p, 2*o = -3*p + 18. What is the remainder when j is divided by o?
1
Let f be 6*(10/(-3) - -3). Let b = f + 94. Suppose -4*q = -4*x - 2*q + b, -5*x + q = -118. Calculate the remainder when x is divided by 13.
11
Suppose -18 = -3*k + 24. Calculate the remainder when ((-30)/(-4) - -3)*408/k is divided by 28.
26
Calculate the remainder when 222949/1017 + 2/(-9) is divided by 13.
11
Calculate the remainder when 365 is divided by 3 + 33 + (-16)/(-24) + (-8)/12.
5
Suppose 2*t = -1 + 3. Let k be t/((-2)/28)*-1. Let g(c) = c + 21. Calculate the remainder when 136 is divided by g(k).
31
Suppose -4*r + 4*b = -300, 3*r + 53*b - 49*b = 232. Calculate the remainder when 201 is divided by r.
49
Let r = 10169 + -10038. What is the remainder when 940 is divided by r?
23
Let o = 89 - 74. Suppose o = 2*j - 55. Suppose -2*i + 2 + 22 = 0. Calculate the remainder when j is divided by i.
11
Calculate the remainder when 2*534 - 0/(-2 + 6/2) is divided by 135.
123
Suppose -2*p - 54 = -3*p + 3*u, 0 = -p + u + 58. Suppose -91 + p = -l. What is the remainder when l is divided by 26?
5
Let b be 6/2 + (-5)/(-5). Suppose -2*f = -b*f - p + 10, -p = 4*f - 18. Suppose -2*z + 4 = -z. What is the remainder when f is divided by z?
0
Suppose 0 = 3*i - 4*f - 1016, 4*i + 132*f = 135*f + 1364. What is the remainder when i is divided by 50?
44
What is the remainder when 937 is divided by 54/135*(2430/4)/9?
19
Calculate the remainder when (-1287342)/(-1666) + 9/7 is divided by 158.
142
Let u = -1207 - -1908. What is the remainder when u is divided by 19?
17
Suppose 3*o = 2*t + 106, 3*o + 0*t = 4*t + 116. Calculate the remainder when (o/(-8))/(-4)*175 is divided by 90.
85
Let z(g) = 258*g**2 - 179*g + 12. Calculate the remainder when z(5) is divided by 68.
59
Calculate the remainder when -1884*((-84)/(-12) - 69/9)/1 is divided by 10.
6
Let j(i) = 9*i**3 + 0*i + 21*i**2 - 8*i**3 + 18*i - 46. Let y be j(-20). Let g = y - -12. Calculate the remainder when 93 is divided by g.
3
Suppose 500*z - 421*z = 98829. Calculate the remainder when z is divided by 30.
21
Let l(i) = 58*i - 5. Let u(n) = 2*n**3 + 18*n**2 + 33*n - 9. Calculate the remainder when l(3) is divided by u(-4).
17
Suppose 28*j = 25*j + 300. Let a = j + -46. Let f = -41 + a. Calculate the remainder when 50 is divided by f.
11
Calculate the remainder when (-3798)/10339*14/3*(0 - 658) is divided by 230.
208
Let t = -673 + 789. Suppose -v = t - 267. What is the remainder when v is divided by 22?
19
Let v = 105 + -101. Let f be (-36)/30*(-10)/v. Suppose 0 = -3*i + 3*p + 93, -3*p = -f*i - p + 88. What is the remainder when 49 is divided by i?
23
Suppose -341 - 2545 + 384 = -18*n. Let r be (-2)/4 + 255/2. Suppose -5*y + r = -48. What is the remainder when n is divided by y?
34
Suppose 3*o = -2*q + 48027, -55*o + 24046 = q - 60*o. What is the remainder when q is divided by 28?
25
Suppose 186 + 3627 = 31*n. Calculate the remainder when 1074 is divided by n.
90
Suppose -27*p - 4*p = -4*p - 23976. Calculate the remainder when 1784 is divided by p.
8
Suppose -4*p + 5*t + 885 = 0, -167 = -2*p + 2*t + 273. Calculate the remainder when 1284 is divided by p.
209
Suppose -5*b + 206 = -3*n, 3*b = 5*n + 55 + 59. Let s = 0 + 11. What is the remainder when b is divided by s?
10
Let p(a) = 2*a**2 + a - 2. Let u = -2838 + 2913. What is the remainder when u is divided by p(-4)?
23
Let c(k) = -11*k + 171. Let p be c(14). Let n be (-1)/(-6) - (-4138)/12. Suppose -n = -p*m + 12*m. Calculate the remainder when m is divided by 14.
13
What is the remainder when 245 is divided by 4/((-140)/(-3255)) + -2*7/(-2)?
45
Suppose -x + 6 + 29 = 0. Suppose -2*r + 65 + 73 = 2*o, 5*r - 317 = 2*o. Suppose 5*v - 10*v + r = 0. Calculate the remainder when x is divided by v.
9
Suppose -7*u + 10*u - 42 = x, -2*x + u = 64. Let y = x - -35. Suppose 2*a = 2 + 8, 90 = 5*f - y*a. What is the remainder when 64 is divided by f?
18
Suppose 3385 = 5*n - 4*a, -n = n + 2*a - 1372. What is the remainder when n is divided by 49?
44
Let m = 1563 + 3361. What is the remainder when m is divided by 77?
73
Let c(g) be the second derivative of -g**4/6 + g**3/6 + 396*g**2 + 6*g. Let h be c(0). What is the remainder when ((-9)/4)/((-27)/h) is divided by 17?
15
Let j(v) = v**2 + 7*v + 13. Suppose 11*g + 132 = -0. Calculate the remainder when j(g) is divided by 21.
10
Suppose 5*b = 3*l - 247, l = -1 - 0. Suppose 3*u - j = 153, -j + 156 = 3*u - 3*j. What is the remainder when u is divided by (-2)/(b/16 + 3) + 3?
12
Let k = -92 - -137. Let p = 49 - k. Suppose 4*w = 5*y + 44, -p*y + 11 = 4*w - 3*w. Calculate the remainder when 32 is divided by w.
10
Let a(p) = p**3 + 5*p**2 + 2*p + 6. Let h be a(-5). Let y = 36912 + -36899. Let f = y + h. Calculate the remainder when f is divided by 1.
0
Let w = -19 + 3714. What is the remainder when w is divided by 86?
83
Let w(u) = 14*u - 127. What is the remainder when 79 is divided by w(12)?
38
Let m(h) = 1160*h - 2281*h + 1197*h + 21. Calculate the remainder when m(3) is divided by 25.
24
Suppose -463 = -v - 4*u + 866, 0 = 4*v + u - 5436. Calculate the remainder when v is divided by 125.
111
Let x be (-30)/(-10) + (-7)/1. Let t be (-3)/9 - (x/(-6) + -1). Suppose 6*y + 3*y - 99 = t. What is the remainder when 64 is divided by y?
9
Suppose 0 = -23*l + 3*l - 24120. Calculate the remainder when 56 is divided by 6*l/(-135) + 4/10.
2
Suppose -57*p + 14364 = -75*p + 81*p. Calculate the remainder when 1146 is divided by p.
6
Let u(q) = 29*q**3 + q**2 + 8*q - 180. What is the remainder when u(6) is divided by 147?
141
Suppose -28 = 3*b + 5*d, -b - 20 = 2*b + d. Let y = b + 13. What is the remainder when -5 + (-6)/(6/(-31)) is divided by y?
5
Suppose 3*u - 5*p + 12 = 0, 0*u - 5*p + 10 = -5*u. Calculate the remainder when (-9)/(-3) - (-12)/u is divided by (-10)/(-4)*1*12/5.
3
Suppose -g = -4*i + 33, -2*i + 1 = -g - 16. Let s be (i - (-20)/(-5))/(-2). Calculate the remainder when 16 is divided by 1*(4 + 6) - (1 - s).
2
Suppose 46*w - 889 - 3863 = 170. Suppose -y + 8 + 10 = 0. Calculate the remainder when w is divided by y.
17
Let y(l) be the second derivative of 5*l**3/3 + 3*l**2 - 12*l. Calculate the remainder when 137 is divided by y(5).
25
Suppose -227*t + 2396 = -10770. What is the remainder when 1724 is divided by t?
42
Suppose 5*c - 21470 = 2*u, -4*u = -5*c + 14558 + 6922. What is the remainder when c is divided by 113?
111
Let i(a) = -6*a**2 + 180*a - 90. Calculate the remainder when i(26) is divided by 252.
30
Suppose -5*s + 5*i = -1575, -4*s - 4*i = -1865 + 605. Calculate the remainder when s is divided by 50.
15
Let y(p) = 16 - 14 + 493*p + 10. Let w be y(2). Suppose -f + 5*f = 5*c - w, f - 205 = -c. What is the remainder when c is divided by 12?
10
Let a = 44 + -37. Suppose 12*r = a*r - 55. Calculate the remainder when 65 + r - (5 - 0) is divided by 10.
9
Let j = -6189 + 6235. What is the remainder when 3258 is divided by j?
38
Suppose -14*k = 1129 - 37. Let j = k + 84. What is the remainder when 21 is divided by j?
3
Calculate the remainder when 1/1 + (78 - -2) is divided by (((-4)/(-9))/1)/(36/1782).
15
Let h be (10 + 0)*2/4. Suppose v = -4*v - s + 29, -4*s + 26 = h*v. Suppose 2*i - v = -0*i. Calculate